 - 5*d - 59, -4*z - 3*d + b = 2*d. Calculate the greatest common factor of z and 39.
13
Let h(s) be the third derivative of s**5/30 - s**3/2 - 3*s**2. Let c be h(-3). Calculate the greatest common factor of 135 and c.
15
Let i(d) = 5*d**2 - 1. Let s be i(1). Suppose -15 = -x + 2*b, 4*x - 8*x + s*b = -40. Calculate the greatest common divisor of 5 and x.
5
Let z be 16 + (-1 - (-2)/(-2)). Let v be 2/(-6) + z/6. Calculate the greatest common factor of 8 and v.
2
Let r = 265 - 184. Let z = 0 - 0. Suppose 3*c - 5*p = 52, z*p = -2*c - 3*p + 3. What is the highest common divisor of c and r?
9
Suppose -h - 2*h + 60 = 0. Let a(y) = -9*y - 1. Let n be a(-1). What is the greatest common divisor of h and n?
4
Suppose -5*z + 81 = 2*d, -4*z + 290 = 5*d + 62. Let u = 31 + -19. What is the greatest common factor of u and d?
12
Suppose -q = 2*t + t - 277, -t + 75 = -4*q. Suppose -3*c = -c - 26. Calculate the greatest common divisor of c and t.
13
Let l(p) = -p - 13. Let c be l(-7). Let z(h) = -42*h + 8. Let v be z(c). What is the greatest common factor of v and 26?
26
Let m be ((-6)/4)/((-1)/(-6)). Let g be (-3)/m + 586/(-3). Let o = g - -360. What is the highest common factor of o and 15?
15
Suppose -4*x + 389 = x - 4*d, 390 = 5*x - 5*d. What is the greatest common factor of x and 11?
11
Suppose -6 = -m - 1. Suppose 4*w + 38 = m*n, -n = 5*w - 17 - 8. What is the highest common factor of n and 10?
10
Suppose -i = -2*q + 20, 5*i + 3*q + 73 + 53 = 0. Let j = 2 + -6. Let w = j - i. What is the highest common factor of w and 5?
5
Suppose -11 - 29 = -5*v. What is the highest common divisor of 80 and v?
8
Suppose 2 = -3*z + 4*q + 15, q = 3*z - 19. Calculate the greatest common factor of z and 28.
7
Suppose 6*y - 827 = -275. Let g = 67 - 44. What is the highest common factor of y and g?
23
Let i be 13*(2/2 - 0/7). Let y(m) = -7*m - 3. Let x be y(-6). What is the greatest common divisor of x and i?
13
Suppose 30 = t + 8. Let i be 1 - 0 - 44/(-4). Let w = i - -76. What is the greatest common divisor of w and t?
22
Suppose 5*a - 2*v + 3*v + 15 = 0, -4*v = -20. Let f be (-2 + a)/(-4 - -2). Calculate the greatest common divisor of 12 and f.
3
Let m be ((-6)/(-9) + 0)*12. Let y = -21 + 15. Let g be 2*(-3)/y - 0. Calculate the greatest common factor of m and g.
1
Suppose 7 = 3*l - 35. Suppose -5*k = -7*k + 280. What is the greatest common divisor of k and l?
14
Let r(h) be the first derivative of h**3/3 + 6*h**2 - 9*h + 8. Let k be r(-14). What is the highest common divisor of 76 and k?
19
Suppose 25 = o - q, -2*q - 3*q - 25 = 0. Let s be 5/(-4) - 2/(-8). Let b be (-2 - -2) + (-4)/s. What is the highest common divisor of b and o?
4
Suppose 2*r - 8 = 6*r. Let t = 3 - r. Suppose -g - t = -2*g. What is the greatest common divisor of g and 50?
5
Let n(i) = 10*i**2 - 2*i - 1. Let w be n(-1). Let h(q) = q**2 + 2*q + 8. Let r = 2 + -12. Let m be h(r). What is the greatest common divisor of m and w?
11
Suppose -4*p + 236 = 3*x, 4*p - 63 = -5*x + 317. Suppose -r - 18 = -6. Let j be (16/r)/(1/(-6)). Calculate the highest common divisor of j and x.
8
Suppose -6*c - 25 = -c. Let n(p) = p**3 + 9*p**2 + 4*p + 1. Let m be n(c). Calculate the greatest common divisor of 9 and m.
9
Suppose 3*a = -2*y + 61, 3*a - 5*a = -5*y + 162. Let f be (32/(-2))/(-2 - -1). Calculate the greatest common factor of f and y.
16
Let f(r) = r**2 + 3*r - 18. Let a be f(14). Suppose o + 33 = a. What is the greatest common factor of o and 17?
17
Suppose 2*m - 13 = t + 6*m, 3*m = -4*t. Let y(w) = 3*w**2 + w**2 - 1 + 27*w**3 - 28*w**3 + 3. Let s be y(t). Calculate the highest common factor of 11 and s.
11
Suppose 113 - 8 = 3*c. What is the highest common divisor of c and 21?
7
Suppose -3*a - 2*m = -m - 8, 5*a - 20 = 5*m. Suppose 4*s - 20 = -2*i, 2*s = -a*i + 8 + 6. Calculate the highest common factor of 12 and s.
4
Let s be (0 - (-2)/(-3))*-18. Let m = -9 - -11. Suppose -5*h + m*h = -9. What is the greatest common factor of s and h?
3
Let t = 2 + -6. Let o be (120/18)/(t/(-6)). Suppose 0 = 2*s + 2*z - 0*z - 40, 5*s + 3*z - 110 = 0. Calculate the highest common divisor of o and s.
5
Let l(b) = -b**3 - 2*b**2 + 3*b - 2. Let f be l(-3). Let j be f/(-3)*4*9. Calculate the greatest common divisor of 16 and j.
8
Let z(r) = r**2 + 4*r - 5. Let n be z(-5). Suppose n = 2*d - 5*d + 363. What is the greatest common factor of 11 and d?
11
Let k be (2*-1)/(4/(-24)). Suppose 0 = 5*h - 10, -h = 3*o - 4*h - 6. Suppose -o*l + 160 + 176 = 0. What is the greatest common divisor of l and k?
12
Suppose -z - 12 = -4*o + 3, 2*z + 10 = 3*o. Suppose -5*m = o - 14. Let x = m - 1. What is the greatest common divisor of 9 and x?
1
Let u(s) = s - 2. Let q be u(6). What is the highest common divisor of 12 and q?
4
Let m be (-446)/(-10) + 2/5. Suppose -5*n - 4 + 29 = -3*s, 5*s = 2*n - 10. Calculate the highest common factor of n and m.
5
Let z be (4/5)/((-2)/(-25)). Let u be 662/6 - (-3)/(-9). Calculate the greatest common divisor of u and z.
10
Let r be (-52)/1*(2 + 44/(-16)). What is the greatest common factor of r and 3?
3
Let g(i) = i**3 - 2*i. Let d be g(2). Let a = -1 + 4. Suppose 2*o + 26 = c, 3*c - 87 = -0*o - a*o. Calculate the greatest common factor of d and c.
4
Let l = 18 + -14. What is the highest common divisor of 4 and l?
4
Let f = 101 + -67. What is the highest common factor of f and 2?
2
Let a = 19 + -4. Let g(v) = -v**2 + v + 120. Let z be g(0). What is the highest common divisor of a and z?
15
Let i(a) = 3*a**3 + a**2. Let g be i(1). Let o be 14/g - 2/(-4). Suppose r - 5*w = -0*r + 67, -w = o*r - 310. Calculate the highest common divisor of r and 11.
11
Suppose 0 = -4*a + 21 - 5. Suppose l = 3, 8*l - a*l = -5*i + 92. What is the greatest common factor of i and 48?
16
Suppose -j + 8 = 2*d, 40 = -0*j + 5*j + 3*d. Calculate the greatest common divisor of j and 104.
8
Let j be (-9)/(-9)*6/(-3) - -13. Calculate the greatest common factor of j and 286.
11
Let v be 1/(-2) - 67/(-2). Let c be -8 - 13 - (-2 - 1). Let t be 8/36 - 50/c. What is the highest common factor of v and t?
3
Suppose 8*j - 90 = 3*j. Calculate the highest common divisor of 6 and j.
6
Let k(g) = -2*g**3 + g**2 + 3*g + 1. Let m be k(-2). Suppose -m = -3*a, 0 = -5*r - 0*a + 3*a + 255. Calculate the greatest common factor of r and 6.
6
Suppose 0 = -0*f - 2*f + 8. Suppose -f*h = r - 11 - 27, r + h = 32. What is the greatest common divisor of 15 and r?
15
Let q(v) = -17*v + 2. Let d be q(-2). Let i(h) = -h - 2. Let m = -5 - 1. Let c be i(m). Calculate the greatest common factor of d and c.
4
Let g be 6*(192/(-9))/(-4). What is the highest common factor of g and 48?
16
Suppose 4*x + 15 = 9*x. Let h(k) = k - 5*k + x*k + 2 - 4*k. Let n be h(-6). What is the highest common divisor of 48 and n?
16
Let n(o) = 3*o + 13. Let s be n(3). What is the highest common factor of 99 and s?
11
Suppose 235 = 9*v - 161. What is the greatest common factor of v and 11?
11
Suppose 155 + 97 = 6*h. What is the highest common factor of h and 28?
14
Suppose g = -g - 6. Let r be 55/3 - g/(-9). Suppose 3 = -d + r. Calculate the greatest common divisor of d and 45.
15
Let u = 29 - 1. Suppose -2*y = -0*l - 3*l + 18, 5*l = -5*y + 5. Suppose -o - 42 = -l*o. Calculate the greatest common divisor of o and u.
14
Let a be (-4)/18 + (-203)/(-63). Let h(n) = n + 2. Let l be h(-5). Let m be (-17 - l/a)/(-1). Calculate the greatest common divisor of m and 128.
16
Suppose -2*i - 9*i + 77 = 0. Let g(k) = -k. Let p be g(0). Suppose z + 4*w = 3, -4*z = -p*w - 4*w - 32. Calculate the highest common divisor of z and i.
7
Let p be 3/(4*4/16). What is the greatest common divisor of p and 15?
3
Suppose -4*m - 57 = -201. Calculate the greatest common divisor of 90 and m.
18
Let l = 1 + 38. Calculate the highest common divisor of l and 26.
13
Suppose 4*d - 10 = 3*d. Suppose 38 = 4*o - d. Calculate the greatest common factor of o and 6.
6
Let y = 406 - 131. What is the greatest common factor of y and 25?
25
Let b(s) = -4*s**2 - s + 16. Let u be b(0). What is the greatest common factor of 48 and u?
16
Let q = -81 - -90. What is the greatest common divisor of 15 and q?
3
Let h(p) = 2*p**2 + 3. Let t be (-51)/15 - 6/(-15). Let a be h(t). What is the highest common divisor of a and 3?
3
Let q(b) be the first derivative o